{"id":845,"date":"2023-11-12T09:55:02","date_gmt":"2023-11-12T09:55:02","guid":{"rendered":"https:\/\/dynamoseyring.at\/?page_id=845"},"modified":"2024-11-30T06:53:46","modified_gmt":"2024-11-30T06:53:46","slug":"kosten","status":"publish","type":"page","link":"https:\/\/dynamoseyring.at\/?page_id=845","title":{"rendered":"Kosten"},"content":{"rendered":"\n<figure class=\"wp-block-table\"><table><tbody><tr><td>Lauftraining (nur f\u00fcr Kinder):<\/td><td>EUR<strong>&nbsp;130,-<\/strong>&nbsp;\/ Jahr<\/td><\/tr><tr><td>f\u00fcr ein Geschwisterkind:<\/td><td>&nbsp;EUR <strong>80,-<\/strong> \/ Jahr<\/td><\/tr><tr><td>f\u00fcr jedes weitere Geschwisterkind:<\/td><td>&nbsp;EUR <strong>50,-<\/strong> \/ Jahr<\/td><\/tr><\/tbody><\/table><\/figure>\n\n\n\n<p>Eine Saison geht von 1.11.24\u00a0 bis 31.10.25.<br>Mitglieds- und Lauftrainingsbeitr\u00e4ge werden zu Beginn der Wintersaison f\u00e4llig. Die \u00dcberweisungsdetails werden per eMail verschickt.<\/p>\n","protected":false},"excerpt":{"rendered":"<p>Lauftraining (nur f\u00fcr Kinder): EUR&nbsp;130,-&nbsp;\/ Jahr f\u00fcr ein Geschwisterkind: &nbsp;EUR 80,- \/ Jahr f\u00fcr jedes weitere Geschwisterkind: &nbsp;EUR 50,- \/ Jahr Eine Saison geht von 1.11.24\u00a0 bis 31.10.25.Mitglieds- und Lauftrainingsbeitr\u00e4ge werden zu Beginn der Wintersaison f\u00e4llig. Die \u00dcberweisungsdetails werden per eMail verschickt.<\/p>\n","protected":false},"author":5,"featured_media":0,"parent":0,"menu_order":0,"comment_status":"closed","ping_status":"closed","template":"","meta":{"footnotes":""},"class_list":["post-845","page","type-page","status-publish","hentry"],"_links":{"self":[{"href":"https:\/\/dynamoseyring.at\/index.php?rest_route=\/wp\/v2\/pages\/845","targetHints":{"allow":["GET"]}}],"collection":[{"href":"https:\/\/dynamoseyring.at\/index.php?rest_route=\/wp\/v2\/pages"}],"about":[{"href":"https:\/\/dynamoseyring.at\/index.php?rest_route=\/wp\/v2\/types\/page"}],"author":[{"embeddable":true,"href":"https:\/\/dynamoseyring.at\/index.php?rest_route=\/wp\/v2\/users\/5"}],"replies":[{"embeddable":true,"href":"https:\/\/dynamoseyring.at\/index.php?rest_route=%2Fwp%2Fv2%2Fcomments&post=845"}],"version-history":[{"count":3,"href":"https:\/\/dynamoseyring.at\/index.php?rest_route=\/wp\/v2\/pages\/845\/revisions"}],"predecessor-version":[{"id":1359,"href":"https:\/\/dynamoseyring.at\/index.php?rest_route=\/wp\/v2\/pages\/845\/revisions\/1359"}],"wp:attachment":[{"href":"https:\/\/dynamoseyring.at\/index.php?rest_route=%2Fwp%2Fv2%2Fmedia&parent=845"}],"curies":[{"name":"wp","href":"https:\/\/api.w.org\/{rel}","templated":true}]}}